{"id":6,"date":"2018-12-29T17:39:17","date_gmt":"2018-12-29T17:39:17","guid":{"rendered":"http:\/\/daniel-erfle.de\/?page_id=6"},"modified":"2021-12-28T19:50:26","modified_gmt":"2021-12-28T19:50:26","slug":"installationen","status":"publish","type":"page","link":"https:\/\/daniel-erfle.de\/?page_id=6","title":{"rendered":"Installationen"},"content":{"rendered":"\r\n<p>In den letzten Jahren er\u00f6ffneten sich durch Installationen in Kirchenr\u00e4umen neue M\u00f6glichkeiten, mit Raum und Material zu experimentieren. <br \/><br \/><em>Installations<br \/>Recently, I experimented with space and material through several installations in the interiors of churches.<\/em><\/p>\r\n<style type=\"text\/css\">\n\t#foogallery-gallery-1227 .fg-image {\n        width: 150px;\n    }\n<\/style>\n\t\t\t\t<div class=\"foogallery foogallery-container foogallery-default foogallery-lightbox-foobox fg-gutter-5 fg-center fg-default fg-light fg-border-thin fg-shadow-outline fg-loading-default fg-loaded-fade-in fg-caption-hover fg-hover-fade fg-hover-zoom fg-ready\" id=\"foogallery-gallery-1227\" data-foogallery=\"{&quot;item&quot;:{&quot;showCaptionTitle&quot;:true,&quot;showCaptionDescription&quot;:true},&quot;lazy&quot;:true}\" >\n\t<div class=\"fg-item fg-type-image fg-idle\"><figure class=\"fg-item-inner\"><a href=\"https:\/\/daniel-erfle.de\/wp-content\/uploads\/2019\/01\/installationen13.jpg\" data-caption-title=\"&quot;Experimentelle 19&quot; - Schloss Randegg - 2016\" data-attachment-id=\"119\" data-type=\"image\" class=\"fg-thumb\"><span class=\"fg-image-wrap\"><img decoding=\"async\" title=\"&quot;Experimentelle 19&quot; - Schloss Randegg - 2016\" width=\"150\" height=\"150\" class=\"skip-lazy fg-image\" data-src-fg=\"https:\/\/daniel-erfle.de\/wp-content\/uploads\/cache\/2019\/01\/installationen13\/3536051696.jpg\" src=\"data:image\/svg+xml,%3Csvg%20xmlns%3D%22http%3A%2F%2Fwww.w3.org%2F2000%2Fsvg%22%20width%3D%22150%22%20height%3D%22150%22%20viewBox%3D%220%200%20150%20150%22%3E%3C%2Fsvg%3E\" loading=\"eager\"><\/span><span class=\"fg-image-overlay\"><\/span><\/a><figcaption class=\"fg-caption\"><div class=\"fg-caption-inner\"><div class=\"fg-caption-title\">\"Experimentelle 19\" - Schloss Randegg - 2016<\/div><\/div><\/figcaption><\/figure><div class=\"fg-loader\"><\/div><\/div><div class=\"fg-item fg-type-image fg-idle\"><figure class=\"fg-item-inner\"><a href=\"https:\/\/daniel-erfle.de\/wp-content\/uploads\/2019\/01\/installationen12.jpg\" data-caption-title=\"&quot;Strandgut&quot; - Klosterkirche Oberndorf a.N. - 2009 - Gr\u00f6\u00dfe je ca. 70x60x25cm\" data-attachment-id=\"118\" data-type=\"image\" class=\"fg-thumb\"><span class=\"fg-image-wrap\"><img decoding=\"async\" title=\"&quot;Strandgut&quot; - Klosterkirche Oberndorf a.N. - 2009 - Gr\u00f6\u00dfe je ca. 70x60x25cm\" width=\"150\" height=\"150\" class=\"skip-lazy fg-image\" data-src-fg=\"https:\/\/daniel-erfle.de\/wp-content\/uploads\/cache\/2019\/01\/installationen12\/2040416536.jpg\" src=\"data:image\/svg+xml,%3Csvg%20xmlns%3D%22http%3A%2F%2Fwww.w3.org%2F2000%2Fsvg%22%20width%3D%22150%22%20height%3D%22150%22%20viewBox%3D%220%200%20150%20150%22%3E%3C%2Fsvg%3E\" loading=\"eager\"><\/span><span class=\"fg-image-overlay\"><\/span><\/a><figcaption class=\"fg-caption\"><div class=\"fg-caption-inner\"><div class=\"fg-caption-title\">\"Strandgut\" - Klosterkirche Oberndorf a.N. - 2009 - Gr\u00f6\u00dfe je ca. 70x60x25cm<\/div><\/div><\/figcaption><\/figure><div class=\"fg-loader\"><\/div><\/div><div class=\"fg-item fg-type-image fg-idle\"><figure class=\"fg-item-inner\"><a href=\"https:\/\/daniel-erfle.de\/wp-content\/uploads\/2019\/01\/installationen01.jpg\" data-caption-title=\"&quot;Menschliche Zeichen&quot; - Klosterkirche Oberndorf a.N. - 2009 - H\u00f6he ca. 5,00m\" data-attachment-id=\"108\" data-type=\"image\" class=\"fg-thumb\"><span class=\"fg-image-wrap\"><img decoding=\"async\" title=\"&quot;Menschliche Zeichen&quot; - Klosterkirche Oberndorf a.N. - 2009 - H\u00f6he ca. 5,00m\" width=\"150\" height=\"150\" class=\"skip-lazy fg-image\" data-src-fg=\"https:\/\/daniel-erfle.de\/wp-content\/uploads\/cache\/2019\/01\/installationen01\/1500215589.jpg\" src=\"data:image\/svg+xml,%3Csvg%20xmlns%3D%22http%3A%2F%2Fwww.w3.org%2F2000%2Fsvg%22%20width%3D%22150%22%20height%3D%22150%22%20viewBox%3D%220%200%20150%20150%22%3E%3C%2Fsvg%3E\" loading=\"eager\"><\/span><span class=\"fg-image-overlay\"><\/span><\/a><figcaption class=\"fg-caption\"><div class=\"fg-caption-inner\"><div class=\"fg-caption-title\">\"Menschliche Zeichen\" - Klosterkirche Oberndorf a.N. - 2009 - H\u00f6he ca. 5,00m<\/div><\/div><\/figcaption><\/figure><div class=\"fg-loader\"><\/div><\/div><div class=\"fg-item fg-type-image fg-idle\"><figure class=\"fg-item-inner\"><a href=\"https:\/\/daniel-erfle.de\/wp-content\/uploads\/2019\/01\/installationen11.jpg\" data-caption-title=\"&quot;SCHLAF-LOS&quot; - Kunstraum 34, Stuttgart - 2015\" data-attachment-id=\"117\" data-type=\"image\" class=\"fg-thumb\"><span class=\"fg-image-wrap\"><img decoding=\"async\" title=\"&quot;SCHLAF-LOS&quot; - Kunstraum 34, Stuttgart - 2015\" width=\"150\" height=\"150\" class=\"skip-lazy fg-image\" data-src-fg=\"https:\/\/daniel-erfle.de\/wp-content\/uploads\/cache\/2019\/01\/installationen11\/2465729226.jpg\" src=\"data:image\/svg+xml,%3Csvg%20xmlns%3D%22http%3A%2F%2Fwww.w3.org%2F2000%2Fsvg%22%20width%3D%22150%22%20height%3D%22150%22%20viewBox%3D%220%200%20150%20150%22%3E%3C%2Fsvg%3E\" loading=\"eager\"><\/span><span class=\"fg-image-overlay\"><\/span><\/a><figcaption class=\"fg-caption\"><div class=\"fg-caption-inner\"><div class=\"fg-caption-title\">\"SCHLAF-LOS\" - Kunstraum 34, Stuttgart - 2015<\/div><\/div><\/figcaption><\/figure><div class=\"fg-loader\"><\/div><\/div><div class=\"fg-item fg-type-image fg-idle\"><figure class=\"fg-item-inner\"><a href=\"https:\/\/daniel-erfle.de\/wp-content\/uploads\/2019\/01\/installationen10.jpg\" data-caption-title=\"&quot;SCHLAF-LOS&quot; - Kunstraum 34, Stuttgart - 2015\" data-attachment-id=\"116\" data-type=\"image\" class=\"fg-thumb\"><span class=\"fg-image-wrap\"><img decoding=\"async\" title=\"&quot;SCHLAF-LOS&quot; - Kunstraum 34, Stuttgart - 2015\" width=\"150\" height=\"150\" class=\"skip-lazy fg-image\" data-src-fg=\"https:\/\/daniel-erfle.de\/wp-content\/uploads\/cache\/2019\/01\/installationen10\/967155234.jpg\" src=\"data:image\/svg+xml,%3Csvg%20xmlns%3D%22http%3A%2F%2Fwww.w3.org%2F2000%2Fsvg%22%20width%3D%22150%22%20height%3D%22150%22%20viewBox%3D%220%200%20150%20150%22%3E%3C%2Fsvg%3E\" loading=\"eager\"><\/span><span class=\"fg-image-overlay\"><\/span><\/a><figcaption class=\"fg-caption\"><div class=\"fg-caption-inner\"><div class=\"fg-caption-title\">\"SCHLAF-LOS\" - Kunstraum 34, Stuttgart - 2015<\/div><\/div><\/figcaption><\/figure><div class=\"fg-loader\"><\/div><\/div><div class=\"fg-item fg-type-image fg-idle\"><figure class=\"fg-item-inner\"><a href=\"https:\/\/daniel-erfle.de\/wp-content\/uploads\/2019\/01\/installationen14.jpg\" data-caption-title=\"Detail &quot;Flux&quot;\" data-attachment-id=\"120\" data-type=\"image\" class=\"fg-thumb\"><span class=\"fg-image-wrap\"><img decoding=\"async\" title=\"Detail &quot;Flux&quot;\" width=\"150\" height=\"150\" class=\"skip-lazy fg-image\" data-src-fg=\"https:\/\/daniel-erfle.de\/wp-content\/uploads\/cache\/2019\/01\/installationen14\/652053835.jpg\" src=\"data:image\/svg+xml,%3Csvg%20xmlns%3D%22http%3A%2F%2Fwww.w3.org%2F2000%2Fsvg%22%20width%3D%22150%22%20height%3D%22150%22%20viewBox%3D%220%200%20150%20150%22%3E%3C%2Fsvg%3E\" loading=\"eager\"><\/span><span class=\"fg-image-overlay\"><\/span><\/a><figcaption class=\"fg-caption\"><div class=\"fg-caption-inner\"><div class=\"fg-caption-title\">Detail \"Flux\"<\/div><\/div><\/figcaption><\/figure><div class=\"fg-loader\"><\/div><\/div><div class=\"fg-item fg-type-image fg-idle\"><figure class=\"fg-item-inner\"><a href=\"https:\/\/daniel-erfle.de\/wp-content\/uploads\/2019\/01\/installationen09.jpg\" data-caption-title=\"&quot;Flux&quot; - Arbbaye Romane d&#039;Alspach, Kaysersberg - 2017 - Gr\u00f6\u00dfe ca. 5,00x6,00x20,00m\" data-attachment-id=\"115\" data-type=\"image\" class=\"fg-thumb\"><span class=\"fg-image-wrap\"><img decoding=\"async\" title=\"&quot;Flux&quot; - Arbbaye Romane d&#039;Alspach, Kaysersberg - 2017 - Gr\u00f6\u00dfe ca. 5,00x6,00x20,00m\" width=\"150\" height=\"150\" class=\"skip-lazy fg-image\" data-src-fg=\"https:\/\/daniel-erfle.de\/wp-content\/uploads\/cache\/2019\/01\/installationen09\/2575904208.jpg\" src=\"data:image\/svg+xml,%3Csvg%20xmlns%3D%22http%3A%2F%2Fwww.w3.org%2F2000%2Fsvg%22%20width%3D%22150%22%20height%3D%22150%22%20viewBox%3D%220%200%20150%20150%22%3E%3C%2Fsvg%3E\" loading=\"eager\"><\/span><span class=\"fg-image-overlay\"><\/span><\/a><figcaption class=\"fg-caption\"><div class=\"fg-caption-inner\"><div class=\"fg-caption-title\">\"Flux\" - Arbbaye Romane d'Alspach, Kaysersberg - 2017 - Gr\u00f6\u00dfe ca. 5,00x6,00x20,00m<\/div><\/div><\/figcaption><\/figure><div class=\"fg-loader\"><\/div><\/div><div class=\"fg-item fg-type-image fg-idle\"><figure class=\"fg-item-inner\"><a href=\"https:\/\/daniel-erfle.de\/wp-content\/uploads\/2019\/01\/installationen08.jpg\" data-caption-title=\"Detail aus &quot;Kunstd\u00fcnger - Telefonzelle&quot; - Rottweil-Hausen - 2014\" data-attachment-id=\"121\" data-type=\"image\" class=\"fg-thumb\"><span class=\"fg-image-wrap\"><img decoding=\"async\" title=\"Detail aus &quot;Kunstd\u00fcnger - Telefonzelle&quot; - Rottweil-Hausen - 2014\" width=\"150\" height=\"150\" class=\"skip-lazy fg-image\" data-src-fg=\"https:\/\/daniel-erfle.de\/wp-content\/uploads\/cache\/2019\/01\/installationen08\/33429553.jpg\" src=\"data:image\/svg+xml,%3Csvg%20xmlns%3D%22http%3A%2F%2Fwww.w3.org%2F2000%2Fsvg%22%20width%3D%22150%22%20height%3D%22150%22%20viewBox%3D%220%200%20150%20150%22%3E%3C%2Fsvg%3E\" loading=\"eager\"><\/span><span class=\"fg-image-overlay\"><\/span><\/a><figcaption class=\"fg-caption\"><div class=\"fg-caption-inner\"><div class=\"fg-caption-title\">Detail aus \"Kunstd\u00fcnger - Telefonzelle\" - Rottweil-Hausen - 2014<\/div><\/div><\/figcaption><\/figure><div class=\"fg-loader\"><\/div><\/div><div class=\"fg-item fg-type-image fg-idle\"><figure class=\"fg-item-inner\"><a href=\"https:\/\/daniel-erfle.de\/wp-content\/uploads\/2019\/01\/installationen07.jpg\" data-caption-title=\"Detail &quot;Kunstd\u00fcnger - Telefonzelle&quot;\" data-attachment-id=\"114\" data-type=\"image\" class=\"fg-thumb\"><span class=\"fg-image-wrap\"><img decoding=\"async\" title=\"Detail &quot;Kunstd\u00fcnger - Telefonzelle&quot;\" width=\"150\" height=\"150\" class=\"skip-lazy fg-image\" data-src-fg=\"https:\/\/daniel-erfle.de\/wp-content\/uploads\/cache\/2019\/01\/installationen07\/3958680468.jpg\" src=\"data:image\/svg+xml,%3Csvg%20xmlns%3D%22http%3A%2F%2Fwww.w3.org%2F2000%2Fsvg%22%20width%3D%22150%22%20height%3D%22150%22%20viewBox%3D%220%200%20150%20150%22%3E%3C%2Fsvg%3E\" loading=\"eager\"><\/span><span class=\"fg-image-overlay\"><\/span><\/a><figcaption class=\"fg-caption\"><div class=\"fg-caption-inner\"><div class=\"fg-caption-title\">Detail \"Kunstd\u00fcnger - Telefonzelle\"<\/div><\/div><\/figcaption><\/figure><div class=\"fg-loader\"><\/div><\/div><div class=\"fg-item fg-type-image fg-idle\"><figure class=\"fg-item-inner\"><a href=\"https:\/\/daniel-erfle.de\/wp-content\/uploads\/2019\/01\/installationen06.jpg\" data-caption-title=\"Detail &quot;Kunstd\u00fcnger - Telefonzelle&quot;\" data-attachment-id=\"113\" data-type=\"image\" class=\"fg-thumb\"><span class=\"fg-image-wrap\"><img decoding=\"async\" title=\"Detail &quot;Kunstd\u00fcnger - Telefonzelle&quot;\" width=\"150\" height=\"150\" class=\"skip-lazy fg-image\" data-src-fg=\"https:\/\/daniel-erfle.de\/wp-content\/uploads\/cache\/2019\/01\/installationen06\/3421061129.jpg\" src=\"data:image\/svg+xml,%3Csvg%20xmlns%3D%22http%3A%2F%2Fwww.w3.org%2F2000%2Fsvg%22%20width%3D%22150%22%20height%3D%22150%22%20viewBox%3D%220%200%20150%20150%22%3E%3C%2Fsvg%3E\" loading=\"eager\"><\/span><span class=\"fg-image-overlay\"><\/span><\/a><figcaption class=\"fg-caption\"><div class=\"fg-caption-inner\"><div class=\"fg-caption-title\">Detail \"Kunstd\u00fcnger - Telefonzelle\"<\/div><\/div><\/figcaption><\/figure><div class=\"fg-loader\"><\/div><\/div><div class=\"fg-item fg-type-image fg-idle\"><figure class=\"fg-item-inner\"><a href=\"https:\/\/daniel-erfle.de\/wp-content\/uploads\/2019\/01\/installationen05.jpg\" data-caption-title=\"&quot;Kunstd\u00fcnger - Telefonzelle&quot; - Rottweil-Hausen - 2014\" data-attachment-id=\"112\" data-type=\"image\" class=\"fg-thumb\"><span class=\"fg-image-wrap\"><img decoding=\"async\" title=\"&quot;Kunstd\u00fcnger - Telefonzelle&quot; - Rottweil-Hausen - 2014\" width=\"150\" height=\"150\" class=\"skip-lazy fg-image\" data-src-fg=\"https:\/\/daniel-erfle.de\/wp-content\/uploads\/cache\/2019\/01\/installationen05\/579982236.jpg\" src=\"data:image\/svg+xml,%3Csvg%20xmlns%3D%22http%3A%2F%2Fwww.w3.org%2F2000%2Fsvg%22%20width%3D%22150%22%20height%3D%22150%22%20viewBox%3D%220%200%20150%20150%22%3E%3C%2Fsvg%3E\" loading=\"eager\"><\/span><span class=\"fg-image-overlay\"><\/span><\/a><figcaption class=\"fg-caption\"><div class=\"fg-caption-inner\"><div class=\"fg-caption-title\">\"Kunstd\u00fcnger - Telefonzelle\" - Rottweil-Hausen - 2014<\/div><\/div><\/figcaption><\/figure><div class=\"fg-loader\"><\/div><\/div><div class=\"fg-item fg-type-image fg-idle\"><figure class=\"fg-item-inner\"><a href=\"https:\/\/daniel-erfle.de\/wp-content\/uploads\/2019\/01\/installationen04.jpg\" data-caption-title=\"&quot;Kunstd\u00fcnger - Telefonzelle&quot; - Rottweil-Hausen - 2014\" data-attachment-id=\"111\" data-type=\"image\" class=\"fg-thumb\"><span class=\"fg-image-wrap\"><img decoding=\"async\" title=\"&quot;Kunstd\u00fcnger - Telefonzelle&quot; - Rottweil-Hausen - 2014\" width=\"150\" height=\"150\" class=\"skip-lazy fg-image\" data-src-fg=\"https:\/\/daniel-erfle.de\/wp-content\/uploads\/cache\/2019\/01\/installationen04\/1176727448.jpg\" src=\"data:image\/svg+xml,%3Csvg%20xmlns%3D%22http%3A%2F%2Fwww.w3.org%2F2000%2Fsvg%22%20width%3D%22150%22%20height%3D%22150%22%20viewBox%3D%220%200%20150%20150%22%3E%3C%2Fsvg%3E\" loading=\"eager\"><\/span><span class=\"fg-image-overlay\"><\/span><\/a><figcaption class=\"fg-caption\"><div class=\"fg-caption-inner\"><div class=\"fg-caption-title\">\"Kunstd\u00fcnger - Telefonzelle\" - Rottweil-Hausen - 2014<\/div><\/div><\/figcaption><\/figure><div class=\"fg-loader\"><\/div><\/div><div class=\"fg-item fg-type-image fg-idle\"><figure class=\"fg-item-inner\"><a href=\"https:\/\/daniel-erfle.de\/wp-content\/uploads\/2019\/01\/installationen03.jpg\" data-caption-title=\"&quot;Kunstd\u00fcnger - Telefonzelle&quot; - Rottweil-Hausen - 2014\" data-attachment-id=\"110\" data-type=\"image\" class=\"fg-thumb\"><span class=\"fg-image-wrap\"><img decoding=\"async\" title=\"&quot;Kunstd\u00fcnger - Telefonzelle&quot; - Rottweil-Hausen - 2014\" width=\"150\" height=\"150\" class=\"skip-lazy fg-image\" data-src-fg=\"https:\/\/daniel-erfle.de\/wp-content\/uploads\/cache\/2019\/01\/installationen03\/722596599.jpg\" src=\"data:image\/svg+xml,%3Csvg%20xmlns%3D%22http%3A%2F%2Fwww.w3.org%2F2000%2Fsvg%22%20width%3D%22150%22%20height%3D%22150%22%20viewBox%3D%220%200%20150%20150%22%3E%3C%2Fsvg%3E\" loading=\"eager\"><\/span><span class=\"fg-image-overlay\"><\/span><\/a><figcaption class=\"fg-caption\"><div class=\"fg-caption-inner\"><div class=\"fg-caption-title\">\"Kunstd\u00fcnger - Telefonzelle\" - Rottweil-Hausen - 2014<\/div><\/div><\/figcaption><\/figure><div class=\"fg-loader\"><\/div><\/div><div class=\"fg-item fg-type-image fg-idle\"><figure class=\"fg-item-inner\"><a href=\"https:\/\/daniel-erfle.de\/wp-content\/uploads\/2019\/01\/installationen02.jpg\" data-caption-title=\"&quot;ZWIE-SPRACHE&quot; - Sudhaus T\u00fcbingen - 2014\" data-attachment-id=\"109\" data-type=\"image\" class=\"fg-thumb\"><span class=\"fg-image-wrap\"><img decoding=\"async\" title=\"&quot;ZWIE-SPRACHE&quot; - Sudhaus T\u00fcbingen - 2014\" width=\"150\" height=\"150\" class=\"skip-lazy fg-image\" data-src-fg=\"https:\/\/daniel-erfle.de\/wp-content\/uploads\/cache\/2019\/01\/installationen02\/2954095280.jpg\" src=\"data:image\/svg+xml,%3Csvg%20xmlns%3D%22http%3A%2F%2Fwww.w3.org%2F2000%2Fsvg%22%20width%3D%22150%22%20height%3D%22150%22%20viewBox%3D%220%200%20150%20150%22%3E%3C%2Fsvg%3E\" loading=\"eager\"><\/span><span class=\"fg-image-overlay\"><\/span><\/a><figcaption class=\"fg-caption\"><div class=\"fg-caption-inner\"><div class=\"fg-caption-title\">\"ZWIE-SPRACHE\" - Sudhaus T\u00fcbingen - 2014<\/div><\/div><\/figcaption><\/figure><div class=\"fg-loader\"><\/div><\/div><\/div>\n\r\n","protected":false},"excerpt":{"rendered":"<p>In den letzten Jahren er\u00f6ffneten sich durch Installationen in Kirchenr\u00e4umen neue M\u00f6glichkeiten, mit Raum und Material zu experimentieren. InstallationsRecently, I experimented with space and material through several installations in the interiors of churches.<\/p>\n","protected":false},"author":1,"featured_media":0,"parent":0,"menu_order":0,"comment_status":"closed","ping_status":"closed","template":"","meta":{"footnotes":""},"class_list":["post-6","page","type-page","status-publish","hentry"],"_links":{"self":[{"href":"https:\/\/daniel-erfle.de\/index.php?rest_route=\/wp\/v2\/pages\/6","targetHints":{"allow":["GET"]}}],"collection":[{"href":"https:\/\/daniel-erfle.de\/index.php?rest_route=\/wp\/v2\/pages"}],"about":[{"href":"https:\/\/daniel-erfle.de\/index.php?rest_route=\/wp\/v2\/types\/page"}],"author":[{"embeddable":true,"href":"https:\/\/daniel-erfle.de\/index.php?rest_route=\/wp\/v2\/users\/1"}],"replies":[{"embeddable":true,"href":"https:\/\/daniel-erfle.de\/index.php?rest_route=%2Fwp%2Fv2%2Fcomments&post=6"}],"version-history":[{"count":12,"href":"https:\/\/daniel-erfle.de\/index.php?rest_route=\/wp\/v2\/pages\/6\/revisions"}],"predecessor-version":[{"id":1228,"href":"https:\/\/daniel-erfle.de\/index.php?rest_route=\/wp\/v2\/pages\/6\/revisions\/1228"}],"wp:attachment":[{"href":"https:\/\/daniel-erfle.de\/index.php?rest_route=%2Fwp%2Fv2%2Fmedia&parent=6"}],"curies":[{"name":"wp","href":"https:\/\/api.w.org\/{rel}","templated":true}]}}